{"id":457,"date":"2018-10-04T17:12:37","date_gmt":"2018-10-04T15:12:37","guid":{"rendered":"https:\/\/www.coupecircuit.be\/2018\/?page_id=457"},"modified":"2018-10-05T11:17:47","modified_gmt":"2018-10-05T09:17:47","slug":"edito-regards-de-linterieur","status":"publish","type":"page","link":"https:\/\/www.coupecircuit.be\/Edition2018\/edito-regards-de-linterieur\/","title":{"rendered":"\u00c9dito Regards de l&rsquo;int\u00e9rieur"},"content":{"rendered":"<p>Apr\u00e8s le th\u00e8me du travail en 2016, notre \u00e9quipe r\u00e9serve cette ann\u00e9e une vaste place de la programmation \u00e0 celui de\u00a0l\u2019enfermement, et plus particuli\u00e8rement \u00e0 l\u2019emprisonnement et aux probl\u00e9matiques et cons\u00e9quences d\u2019un syst\u00e8me carc\u00e9ral archa\u00efque et criminog\u00e8ne.<\/p>\n<p>Pendant toute la dur\u00e9e du festival, vous pourrez d\u00e9couvrir neuf productions \u00e9labor\u00e9es, de pr\u00e8s ou de loin, avec le concours de citoyen-ne-s priv\u00e9-e-s de leur libert\u00e9. Radio, vid\u00e9o,<br \/>\nanimation, ces regards de l\u2019int\u00e9rieur mettent en lumi\u00e8re l\u2019expression de celles et ceux que notre soci\u00e9t\u00e9 retient dans l\u2019ombre.<\/p>\n<p>De plus, chaque vendredi du mois du festival, se tiendra une projection-d\u00e9bat levant un coin du voile sur les enjeux de notre syst\u00e8me carc\u00e9ral. Apr\u00e8s la projection d\u2019un documentaire, la soir\u00e9e se poursuivra par un \u00e9change avec des actrices et acteurs de terrain.<\/p>\n<p>\u00ab Questionner le syst\u00e8me carc\u00e9ral \u00bb autour de la projection de <em>La Mort se m\u00e9rite<\/em>.<br \/>\nLe 12 octobre au Centre Culturel Jacques Franck \u00e0 Bruxelles.<\/p>\n<p>\u00ab R\u00e9insertion ? \u00bb autour de la projection de <em>Vers une inconditionnelle libert\u00e9<\/em>.<br \/>\nLe 19 octobre au Quai 10 \u00e0 Charleroi.<\/p>\n<p>\u00ab La psychiatrie a-t-elle sa place en prison ? \u00bb autour de la projection de <em>La Nef des fous<\/em>.<br \/>\nLe 26 octobre au Studio des Carmes \u00e0 Marche-en-Famenne.<\/p>\n<p>\u00ab La f\u00e9minit\u00e9 en prison \u00bb autour de la projection d\u2019<em>Ongles rouges<\/em>.<br \/>\nLe 2 novembre au cin\u00e9ma Stuart \u00e0 La Louvi\u00e8re.<\/p>\n<p>En guise de feu d\u2019artifices, le 8 novembre \u00e0 la Tentation \u00e0 Bruxelles, se tiendra une journ\u00e9e compl\u00e8te autour de<br \/>\nl\u2019action culturelle en milieu carc\u00e9ral. Au programme : ateliers, d\u00e9couvertes, partages d\u2019exp\u00e9riences, \u00e9changes entre public et professionnel-le-s&#8230; Une journ\u00e9e ouverte qui viendra momentan\u00e9ment mettre un point \u00e0 ce vaste cycle de r\u00e9flexion sur l\u2019un des enjeux majeurs de ce d\u00e9but de si\u00e8cle.<\/p>\n","protected":false},"excerpt":{"rendered":"<p>Apr\u00e8s le th\u00e8me du travail en 2016, notre \u00e9quipe r\u00e9serve cette ann\u00e9e une vaste place de la programmation \u00e0 celui de\u00a0l\u2019enfermement, et plus particuli\u00e8rement \u00e0 l\u2019emprisonnement et aux probl\u00e9matiques et cons\u00e9quences d\u2019un syst\u00e8me carc\u00e9ral archa\u00efque et criminog\u00e8ne. Pendant toute la dur\u00e9e du festival, vous pourrez d\u00e9couvrir neuf productions \u00e9labor\u00e9es, de pr\u00e8s ou de loin, avec<\/p>\n","protected":false},"author":9,"featured_media":0,"parent":0,"menu_order":0,"comment_status":"closed","ping_status":"closed","template":"","meta":[],"acf":[],"_links":{"self":[{"href":"https:\/\/www.coupecircuit.be\/Edition2018\/wp-json\/wp\/v2\/pages\/457"}],"collection":[{"href":"https:\/\/www.coupecircuit.be\/Edition2018\/wp-json\/wp\/v2\/pages"}],"about":[{"href":"https:\/\/www.coupecircuit.be\/Edition2018\/wp-json\/wp\/v2\/types\/page"}],"author":[{"embeddable":true,"href":"https:\/\/www.coupecircuit.be\/Edition2018\/wp-json\/wp\/v2\/users\/9"}],"replies":[{"embeddable":true,"href":"https:\/\/www.coupecircuit.be\/Edition2018\/wp-json\/wp\/v2\/comments?post=457"}],"version-history":[{"count":6,"href":"https:\/\/www.coupecircuit.be\/Edition2018\/wp-json\/wp\/v2\/pages\/457\/revisions"}],"predecessor-version":[{"id":486,"href":"https:\/\/www.coupecircuit.be\/Edition2018\/wp-json\/wp\/v2\/pages\/457\/revisions\/486"}],"wp:attachment":[{"href":"https:\/\/www.coupecircuit.be\/Edition2018\/wp-json\/wp\/v2\/media?parent=457"}],"curies":[{"name":"wp","href":"https:\/\/api.w.org\/{rel}","templated":true}]}}