{"id":698,"date":"2018-11-20T18:00:14","date_gmt":"2018-11-20T17:00:14","guid":{"rendered":"https:\/\/www.coupecircuit.be\/?page_id=698"},"modified":"2018-11-20T18:19:28","modified_gmt":"2018-11-20T17:19:28","slug":"palmares","status":"publish","type":"page","link":"https:\/\/www.coupecircuit.be\/Edition2018\/palmares\/","title":{"rendered":"Palmar\u00e8s"},"content":{"rendered":"<p><span style=\"color: #fff9c5;\">PRIX DU PUBLIC<\/span> (votes en ligne): <em>M\u00e9dibus, \u00e0 la rencontre des exclus des soins<\/em> de TDM, T\u00e9l\u00e9vision du Monde.<\/p>\n<p><span style=\"color: #fff9c5;\">PRIX DE L&rsquo;\u00c9MOTION<\/span> (jury associatif) : <em>Si tu me poses la question<\/em> de Siham Bouzerda.<br \/>\n*Mention sp\u00e9ciale \u00e0 <em>Nouvelle Orl\u00e9ans, Laboratoire de l&rsquo;Am\u00e9rique<\/em> d&rsquo;Alexandra Kandy-Longuet.<br \/>\n<span style=\"color: #fff9c5;\">PRIX DE LA SINGULARIT\u00c9\u00a0<\/span>(jury associatif) : <em>L&rsquo;Homme machine<\/em> de Denis de Wind et Mathieu Delmartino.<br \/>\n<span style=\"color: #fff9c5;\">PRIX DE L&rsquo;ENGAGEMENT<\/span> (jury associatif): <em>FIFO<\/em> de Sacha Ferbus et J\u00e9r\u00e9my Puffet.<\/p>\n<p><span style=\"color: #fff9c5;\">PRIX DU REGARD CITOYEN<\/span> : <em>L&rsquo;Homme machine<\/em> de Denis de Wind et Mathieu Delmartino.<br \/>\n*Mention sp\u00e9ciale \u00e0 <em>FIFO<\/em> de Sacha Ferbus et J\u00e9r\u00e9my Puffet.<\/p>\n","protected":false},"excerpt":{"rendered":"<p>PRIX DU PUBLIC (votes en ligne): M\u00e9dibus, \u00e0 la rencontre des exclus des soins de TDM, T\u00e9l\u00e9vision du Monde. PRIX DE L&rsquo;\u00c9MOTION (jury associatif) : Si tu me poses la question de Siham Bouzerda. *Mention sp\u00e9ciale \u00e0 Nouvelle Orl\u00e9ans, Laboratoire de l&rsquo;Am\u00e9rique d&rsquo;Alexandra Kandy-Longuet. PRIX DE LA SINGULARIT\u00c9\u00a0(jury associatif) : L&rsquo;Homme machine de Denis de<\/p>\n","protected":false},"author":9,"featured_media":0,"parent":0,"menu_order":0,"comment_status":"closed","ping_status":"closed","template":"","meta":[],"acf":[],"_links":{"self":[{"href":"https:\/\/www.coupecircuit.be\/Edition2018\/wp-json\/wp\/v2\/pages\/698"}],"collection":[{"href":"https:\/\/www.coupecircuit.be\/Edition2018\/wp-json\/wp\/v2\/pages"}],"about":[{"href":"https:\/\/www.coupecircuit.be\/Edition2018\/wp-json\/wp\/v2\/types\/page"}],"author":[{"embeddable":true,"href":"https:\/\/www.coupecircuit.be\/Edition2018\/wp-json\/wp\/v2\/users\/9"}],"replies":[{"embeddable":true,"href":"https:\/\/www.coupecircuit.be\/Edition2018\/wp-json\/wp\/v2\/comments?post=698"}],"version-history":[{"count":3,"href":"https:\/\/www.coupecircuit.be\/Edition2018\/wp-json\/wp\/v2\/pages\/698\/revisions"}],"predecessor-version":[{"id":701,"href":"https:\/\/www.coupecircuit.be\/Edition2018\/wp-json\/wp\/v2\/pages\/698\/revisions\/701"}],"wp:attachment":[{"href":"https:\/\/www.coupecircuit.be\/Edition2018\/wp-json\/wp\/v2\/media?parent=698"}],"curies":[{"name":"wp","href":"https:\/\/api.w.org\/{rel}","templated":true}]}}